+ 5*q + 1. What is g(-6)?
7
Let l(f) = -3*f**2 + 2*f - 8. Calculate l(5).
-73
Let t(p) = -4*p**2 - 92*p + 6. Calculate t(-23).
6
Let h(m) = 3*m**3 - 7*m**2 + 2*m - 2. Give h(3).
22
Let k(n) = 12*n**3 + 2*n**2 - 2*n - 1. What is k(1)?
11
Let q(c) = -c**3 + 10*c**2 - 8*c + 5. Determine q(7).
96
Let c(f) = -6*f + 9. Determine c(-17).
111
Let b(j) = j - 5. What is b(4)?
-1
Let w(l) = -l**2 - 7*l + 9. Give w(-8).
1
Let n(g) = -g**2 - 9*g - 6. Give n(-7).
8
Let i(n) = -2*n**2 - n + 6. Determine i(-4).
-22
Let f(r) = -r**2 + 31*r - 234. Give f(15).
6
Let d(z) = 4*z + 28. Calculate d(-11).
-16
Let f(r) = -r**2 + 8*r - 12. Give f(3).
3
Let p(h) = -h**3 + 6*h**2 - 4*h + 4. Give p(5).
9
Let t(f) = f**3 + 7*f**2 - 16*f - 13. What is t(-9)?
-31
Let v(x) = x**3 + 7*x**2 - 7*x + 2. Give v(-8).
-6
Let z(n) = n**3 + 5*n**2 - 14*n - 5. Calculate z(-7).
-5
Let v(h) = -h**3 + h - 7. What is v(0)?
-7
Let d(s) = 2*s + 7. Determine d(-3).
1
Let r(x) = x**3 + 9*x**2 - 11*x - 39. Determine r(-10).
-29
Let n(o) = -2*o + 5. What is n(4)?
-3
Let l(h) = h**2 - 11*h - 1. Calculate l(10).
-11
Let f(s) = -24*s + 16. Give f(1).
-8
Let i(x) = 33*x**2 - 1. Give i(-1).
32
Let l(y) = 11*y + 9. Give l(-1).
-2
Let t(r) = 2*r - 16. What is t(6)?
-4
Let h(w) = -98*w**3 - 5*w**2 - 4*w + 2. What is h(-1)?
99
Let a(n) = n**2 + 13*n + 13. What is a(-1)?
1
Let y(q) = 7*q - 4. Calculate y(6).
38
Let g(s) = -s**3 + 11*s**2 + 8*s + 14. Give g(11).
102
Let w(x) = -x**3 + 2*x**2 + 6*x - 2. Determine w(3).
7
Let q(t) = -t**2 - t + 8. Give q(2).
2
Let f(l) = l + 49. What is f(-11)?
38
Let x(y) = -5*y - 7. Calculate x(5).
-32
Let v(p) = 5*p - 13. Give v(3).
2
Let f(s) = -10*s**2 - 4*s + 2. What is f(3)?
-100
Let s(i) = -i**2 - 6*i + 20. Calculate s(-8).
4
Let p(z) = -z**2 + 5*z + 9. Calculate p(7).
-5
Let y(a) = -62*a - 804. Determine y(-13).
2
Let r(d) = -5*d + 11. Give r(7).
-24
Let o(w) = w**3 - 26*w**2 - 31*w + 107. Calculate o(27).
-1
Let w(l) = -l**3 + 22*l**2 - 17*l - 41. Determine w(21).
43
Let s(n) = -11*n - 21. Give s(0).
-21
Let a(p) = -p**3 - p + 6. Give a(3).
-24
Let l(f) = -f**3 + 8*f**2 + 12*f - 12. What is l(9)?
15
Let s(v) = v**3 + v**2 - 5*v - 5. Give s(-3).
-8
Let j(w) = -5*w - 62. Give j(-7).
-27
Let z(i) = 2*i - 4. Give z(1).
-2
Let h(a) = a**3 + 7*a**2 + 3. Determine h(-7).
3
Let v(r) = 2*r**3 + 20*r**2 - 6*r - 52. Calculate v(-10).
8
Let p(l) = 4*l**2 + 82*l - 51. Determine p(-21).
-9
Let p(q) = q**2 - 18*q + 120. Give p(10).
40
Let h(z) = -z**3 + 10*z**2 - 8*z - 11. Determine h(9).
-2
Let u(d) = -6*d - 42. Calculate u(-8).
6
Let u(h) = 23*h**2 - 14*h + 24. Determine u(2).
88
Let j(k) = -183*k + 7. Calculate j(1).
-176
Let i(c) = c**3 + 17*c**2 + 16*c + 3. Give i(-16).
3
Let l(r) = -r**3 + 23*r**2 - 26*r + 89. Determine l(22).
1
Let y(u) = -4*u**2 + 88*u + 87. Calculate y(-1).
-5
Let h(x) = x**2 - 18*x + 7. Determine h(18).
7
Let t(p) = -3*p - 15. What is t(-13)?
24
Let f(d) = d**2 - 13*d - 106. What is f(-6)?
8
Let a(r) = r**3 + 15*r**2 + 43*r + 84. Determine a(-12).
0
Let n(b) = b**2 - b - 13. Determine n(-4).
7
Let q(s) = 3*s - 10. What is q(-6)?
-28
Let w(v) = 11*v**2 + 2*v + 10. Calculate w(-3).
103
Let m(t) = t**3 + t**2 + 9*t + 29. Give m(-3).
-16
Let d(x) = -x**3 + 8*x**2 + x + 2. Calculate d(8).
10
Let s(w) = w**3 - 6*w**2 + 9*w - 9. Calculate s(4).
-5
Let r(n) = 9*n**2 + 102*n + 8. Determine r(-11).
-25
Let o(m) = m**2 - 17*m + 11. Calculate o(12).
-49
Let t(a) = a**3 + 11*a**2 + 12*a + 14. Determine t(-10).
-6
Let m(o) = -o**2 + 4*o + 16. What is m(6)?
4
Let u(g) = -2*g**3 + 15*g**2 - 8*g. Give u(7).
-7
Let o(n) = 4*n**2 + n - 1. Give o(-1).
2
Let h(b) = b**3 + 38*b**2 + 105*b - 14. What is h(-35)?
-14
Let t(u) = -u**2 + 7*u - 30. Determine t(4).
-18
Let a(s) = 2*s**2 + 27*s - 44. Determine a(-15).
1
Let b(u) = -u**3 + 10*u**2 + 3*u - 4. What is b(7)?
164
Let o(w) = w**3 + 7*w**2 - 11*w + 5. Give o(-8).
29
Let a(q) = -24*q + 7. What is a(-7)?
175
Let b(m) = -m**3 - 5*m**2 - 4*m + 5. Determine b(-4).
5
Let y(o) = 6*o + 54. Give y(-9).
0
Let o(y) = 18*y - 138. Give o(8).
6
Let h(d) = d**2 + 40*d + 289. What is h(-9)?
10
Let q(v) = -v**3 - 6*v**2 - 6. What is q(-5)?
-31
Let f(w) = 26*w - 410. Give f(16).
6
Let o(t) = 13*t + 86. Calculate o(-6).
8
Let k(f) = -f - 45. Calculate k(0).
-45
Let t(z) = -z**2 - z + 31. Determine t(0).
31
Let b(l) = l**2 + 5*l + 1. Give b(-7).
15
Let d(b) = b**2 + 13*b - 16. What is d(-14)?
-2
Let w(a) = 2*a + 33. Calculate w(-17).
-1
Let k(z) = 12*z + 23. What is k(-2)?
-1
Let s(p) = p + 8. Determine s(-11).
-3
Let j(i) = -i**2 - 15*i - 36. Give j(-12).
0
Let y(g) = g**2 + g - 37. What is y(-7)?
5
Let z(s) = 16*s - 4. Determine z(1).
12
Let i(y) = y**2 - 12*y + 16. Calculate i(9).
-11
Let u(c) = 15*c + 3. Determine u(-4).
-57
Let x(n) = -12*n**2 + 2*n + 3. What is x(-1)?
-11
Let n(q) = -21*q - 124. Determine n(-7).
23
Let y(k) = k**2 + 35*k + 193. Calculate y(-7).
-3
Let l(t) = t**2 + t + 36. Determine l(0).
36
Let o(f) = -2*f + 3. What is o(-7)?
17
Let z(g) = -2*g**2 + 63*g + 68. What is z(32)?
36
Let b(l) = -2*l**2 - 8*l + 5. Determine b(-5).
-5
Let q(z) = z**3 + 2*z + 27. What is q(-3)?
-6
Let v(g) = -g - 15. Calculate v(-6).
-9
Let w(v) = -9*v + 52. What is w(6)?
-2
Let y(i) = i**2 + 13*i + 3. Calculate y(-13).
3
Let c(h) = h**3 + 34*h**2 + h + 37. What is c(-34)?
3
Let t(w) = w**2 + 21. Give t(4).
37
Let o(m) = -7*m - 43. Calculate o(-5).
-8
Let x(q) = -q**3 + 19*q**2 - 24*q + 103. Calculate x(18).
-5
Let j(m) = 5*m**2 + 44*m + 43. What is j(-1)?
4
Let f(k) = 16*k**2 + 4*k - 7. Calculate f(2).
65
Let m(u) = u**2 + 6*u - 9. Determine m(-5).
-14
Let c(v) = -5*v**3 + 6*v**2 - 3*v + 4. Give c(2).
-18
Let y(k) = -2*k**2 + 81*k - 194. Calculate y(38).
-4
Let u(d) = 12*d**2 + d - 1. Give u(-1).
10
Let p(s) = -23*s - 20. Give p(-3).
49
Let b(j) = 2*j**2 + j - 11. Calculate b(-6).
55
Let g(a) = a**3 - 12*a**2 - 3*a + 34. What is g(12)?
-2
Let j(v) = 38*v + 4. Determine j(-2).
-72
Let k(r) = r**3 + r**2 - r + 21. What is k(0)?
21
Let d(i) = -i**2 + 4*i + 4. Determine d(-11).
-161
Let h(n) = -n**2 - 12*n - 20. Determine h(-9).
7
Let y(f) = 6*f - 41. Determine y(7).
1
Let f(r) = 2*r**2 + 26*r + 6. What is f(-13)?
6
Let x(k) = 19*k - 2. Give x(3).
55
Let g(l) = l**2 + 27*l + 103. Give g(-22).
-7
Let v(g) = -10*g + 2. What is v(-2)?
22
Let o(c) = -c**2 - 16*c - 10. Give o(-15).
5
Let j(b) = -2*b + 22. Calculate j(-7).
36
Let l(t) = t**2 + 12. Determine l(0).
12
Let u(s) = -s**3 - 12*s**2 - 14*s - 23. Give u(-11).
10
Let b(p) = p**3 + 16*p**2 + 32*p + 52. Calculate b(-14).
-4
Let x(a) = 83*a + 95. Calculate x(-1).
12
Let o(s) = 3*s**3 + s**2 + 4*s + 3. Give o(-1).
-3
Let n(r) = r**2 + 12*r + 6. Determine n(-12).
6
Let q(r) = -r**3 + 13*r**2 - 13*r + 30. Calculate q(12).
18
Let g(p) = -5*p + 58. Determine g(8).
18
Let y(o) = -o**2 + 12*o - 14. Determine y(9).
13
Let c(z) = 2*z**2 + 30*z + 107. Determine c(-10).
7
Let p(t) = -6*t**2 - 12*t - 38. Give p(-3).
-56
Let r(g) = -g**3 - 3*g**2 + 9*g - 2. Calculate r(-3).
-29
Let h(j) = -j**2 - j - 3. Calculate h(3).
-15
Let u(c) = c**3 - 3*c**2 - 12*c + 5. Give u(5).
-5
Let z(j) = 3*j**3 + 3*j**2 + j - 2. What is z(-2)?
-16
Let b(v) = -v**2 + v - 5. Give b(6).
-35
Let y(a) = -a**3 - 7*a**2 + 14*a + 8. Calculate y(-9).
44
Let i(u) = u**3 + 5*u**2 + 4*u - 10. What is i(-3)?
-4
Let u(h) = h**3 - 33*h**2 + 11. Give u(33).
11
Let i(v) = -11*v + 154. What is i(14)?
0
Let h(y) = 29*y + 117. What is h(-5)?
-28
Let w(z) = -14*z + 40. Give w(4).
-16
Let b(s) = -s**3 - 40*s**2 - 111*s + 4. Give b(-37).
4
Let p(d) = d**2 - 5*d - 2. Calculate p(5).
-2
Let f(r) = -3*r - 19. Determine f(-8).
5
Let y(u) = 14*u - 40. Give y(12).
128
Let r(n) = -5*n**3 + 4*n**2 - 3*n + 1. Give r(2).
-29
Let x(g) = -g**3 - 30*g**2 + 66*g - 55. What is x(-32)?
-119
Let v(a) = -3*a - 11. Determine v(-9).
16
Let w(c) = -c**2 + 19*c + 185. Determine w(-7).
3
Let y(m) = 37*m + 68. Give y(-6).
-154
Let f(v) = v**3 - v**2 - 2*v + 4. What is f(-3)?
-26
Let t(m) = -m - 2. What is t(7)?
-9
Let z(k) = 4*k + 56. Calculate z(-11).
12
Let b(p) = 5*p**2 + 2*p + 4. Give b(-3).
43
Let f(r) = -3*r + 2. Give f(1).
-1
Let l(c) = -c**3 - 5*c**2 - 7*c - 10. Give l(-3).
-7
Let d(h) = 7*h**2 - 5*h + 3. What is d(3)?
51
Let p(u) = -u**3 - 10*u**2 - 11*u + 14. Giv